
-76
In base 8, what is -3 - -5440?
5435
In base 11, what is 32 - -792?
814
In base 10, what is 83 + 1469?
1552
In base 16, what is b5c0e - 3?
b5c0b
In base 10, what is 701 + 618?
1319
In base 13, what is 5070 - -47?
50b7
In base 16, what is 9b7 - -16?
9cd
In base 2, what is -1 - -11010001001?
11010001000
In base 8, what is -42430 + 302?
-42126
In base 7, what is 42534 + 4?
42541
In base 10, what is 14 - 2278?
-2264
In base 10, what is 43 - -10561?
10604
In base 16, what is -4 + -a665?
-a669
In base 15, what is a + 549c3?
549cd
In base 15, what is 3 + -974a4?
-974a1
In base 14, what is 7 + -68494?
-6848b
In base 13, what is 6364 + -3?
6361
In base 7, what is -2 - -10641?
10636
In base 6, what is -145432 + -44?
-145520
In base 15, what is 2 - -2724?
2726
In base 8, what is 130533 + -25?
130506
In base 4, what is -10013 - 11011313?
-11021332
In base 14, what is -2 - 25a0?
-25a2
In base 10, what is 4 - -88592?
88596
In base 3, what is 1010220220 - -2?
1010220222
In base 8, what is 144 - 3023?
-2657
In base 10, what is 638143 + -2?
638141
In base 5, what is 20 - 40211?
-40141
In base 5, what is -30 + -2340?
-2420
In base 8, what is -610 + -1777?
-2607
In base 16, what is 2df7 - 7f?
2d78
In base 12, what is -b7 + 5?
-b2
In base 3, what is 12100 - -1110020?
1122120
In base 11, what is 6011 + 0?
6011
In base 3, what is -1210020222021 - -12?
-1210020222002
In base 11, what is 29 - 480?
-452
In base 3, what is 1 + 1002220?
1002221
In base 15, what is 5c + -6dc?
-680
In base 2, what is -11 - 10000100000000011000?
-10000100000000011011
In base 2, what is -1 - 10000110010101000?
-10000110010101001
In base 4, what is -202010012 - 1?
-202010013
In base 2, what is -111010100000110 - -11?
-111010100000011
In base 14, what is 0 + -5ac6b?
-5ac6b
In base 2, what is -10 + -111011001010100?
-111011001010110
In base 11, what is -174 + 4704?
4540
In base 15, what is -35 + 2403?
23bd
In base 2, what is -10110100111101001000 + 101?
-10110100111101000011
In base 6, what is 150 + 3314?
3504
In base 9, what is 12176 - -1?
12177
In base 15, what is 5 - 148771?
-14876b
In base 10, what is -72 + 15087?
15015
In base 9, what is 1322 + 85?
1417
In base 13, what is -4a242 + -8?
-4a24a
In base 15, what is -57 - -66?
e
In base 10, what is 13 - 13775?
-13762
In base 14, what is da0d + -5?
da08
In base 6, what is 14405 + -242?
14123
In base 2, what is -11011 + -101010000100?
-101010011111
In base 16, what is 85 + -75a?
-6d5
In base 9, what is 7 - -220?
227
In base 2, what is -101001010 - 1010101?
-110011111
In base 5, what is -2 - 10441330?
-10441332
In base 11, what is -2aa - -301?
2
In base 3, what is -211 + 210201?
202220
In base 14, what is 1c3 + a5?
288
In base 12, what is -1840 + -67?
-18a7
In base 14, what is -45c + -35?
-493
In base 10, what is -5481 - 79?
-5560
In base 8, what is -332 - 3047?
-3401
In base 5, what is -101102 - 1133?
-102240
In base 3, what is -101 - -1110010?
1102202
In base 12, what is -5a0 - 0?
-5a0
In base 6, what is -130 - 3212?
-3342
In base 4, what is 120 - 310321?
-310201
In base 9, what is 1 - 21213?
-21212
In base 14, what is 15181 - 0?
15181
In base 13, what is -24702 + -28?
-2472a
In base 6, what is 0 - -101112?
101112
In base 16, what is 190 - 36e?
-1de
In base 5, what is -22 - 210132?
-210204
In base 10, what is -5057 - -63?
-4994
In base 2, what is 11100111000110 + 100010?
11100111101000
In base 2, what is -1000111110 - -1001011?
-111110011
In base 4, what is -3220303 - 0?
-3220303
In base 15, what is d07797 - -4?
d0779b
In base 4, what is -2023102121 - -2?
-2023102113
In base 11, what is 95438 + -2?
95436
In base 16, what is fbe + 37?
ff5
In base 8, what is -1715 - -1?
-1714
In base 9, what is 1741 + 1742?
3583
In base 14, what is 5a4 + -19d?
405
In base 7, what is -10061423 + 4?
-10061416
In base 12, what is 7 + -21423?
-21418
In base 3, what is -1 + -120202122210?
-120202122211
In base 3, what is -1121110202 - 21?
-1121111000
In base 4, what is 3202333 - -113?
3203112
In base 9, what is 22270 - 4?
22265
In base 10, what is -25386 - -2?
-25384
In base 6, what is 144 + 1541?
2125
In base 16, what is b + -1a46?
-1a3b
In base 8, what is 15216 - -11?
15227
In base 13, what is 11562 - 5?
1155a
In base 4, what is 210333021330 + -1?
210333021323
In base 11, what is 67 - 910?
-854
In base 9, what is -5 - -3381?
3375
In base 11, what is 1553 - 1a6?
1358
In base 10, what is 835 - 337?
498
In base 2, what is 110100000111101 + -101011?
110100000010010
In base 13, what is 2 + -15b200?
-15b1cb
In base 9, what is -2826166 + 2?
-2826164
In base 14, what is 66 + -495?
-42d
In base 12, what is 1b3 - b48?
-955
In base 9, what is 20 + 362411?
362431
In base 6, what is -40100 - -152?
-35504
In base 10, what is 751 - -1050?
1801
In base 15, what is -52 + 1c1?
16e
In base 11, what is -1a42 - -aa6?
-a47
In base 12, what is 3 - -114a73?
114a76
In base 10, what is 12691614 + -2?
12691612
In base 10, what is -4569 + 4?
-4565
In base 8, what is -5 - -45166?
45161
In base 15, what is 41686 - -4?
4168a
In base 5, what is -333 - -1424342?
1424004
In base 12, what is 173 - 471?
-2ba
In base 5, what is -4420400 + 22?
-4420323
In base 10, what is -173 - 35?
-208
In base 8, what is 126 + -1165?
-1037
In base 10, what is -39587 + 3?
-39584
In base 7, what is -4 - 42110?
-42114
In base 11, what is 133a + -8?
1332
In base 3, what is -1211 + 2101200221?
2101122010
In base 4, what is 100 - -22312103?
22312203
In base 4, what is -2312 - 302?
-3220
In base 12, what is 4a - aab3?
-aa65
In base 16, what is 785 + -42a?
35b
In base 5, what is 2 + -313044?
-313042
In base 5, what is -1 - -2312444?
2312443
In base 5, what is -21141 + 41?
-21100
In base 13, what is -43 - 11?
-54
In base 7, what is -14665 - -30?
-14635
In base 15, what is 7 + -b21?
-b19
In base 14, what is -b7745 - 4?
-b7749
In base 13, what is -7a - 47a8?
-4855
In base 3, what is -1100210 + -2212?
-1110122
In base 10, what is 761 - -5?
766
In base 8, what is 5 + 20330?
20335
In base 9, what is 3 + -111176?
-111173
In base 4, what is 333321221 + -12?
333321203
In base 6, what is 30 + -141405?
-141335
In base 13, what is 7 - c12?
-c08
In base 16, what is 6 - -5f72?
5f78
In base 9, what is 17 - -2008?
2026
In base 3, what is 1112020 + -101010?
1011010
In base 9, what is -1844 - -1567?
-266
In base 9, what is 16362 - -202?
16564
In base 16, what is -13e - -26?
-118
In base 15, what is -6b76 + -24?
-6b9a
In base 9, what is 52 + -8325?
-8263
In base 16, what is -3 - 3735?
-3738
In base 6, what is 10005 + 34?
10043
In base 16, what is 4 - -2eaa5?
2eaa9
In base 14, what is -2b3292 - -2?
-2b3290
In base 7, what is 20 - -636000?
636020
In base 8, what is 1747 - 27?
1720
In base 3, what is -201 - 1111200?
-1112101
In base 16, what is -bdd39 - -2?
-bdd37
In base 10, what is 7066 + 74?
7140
In base 9, what is 16 + 33584?
33611
In base 7, what is -5521 + 224?
-5264
In base 3, what is 101200122012 + 1?
101200122020
In base 9, what is -16626 - -3?
-16623
In base 9, what is -85 + -13184?
-13280
In base 8, what is 1325 - 270?
1035
In base 10, what is 1 - -68786?
68787
In base 2, what is -1110000100100 + 1001?
-1110000011011
In base 14, what is 17 - -2b84?
2b9b
In base 11, what is 16843 + -3?
16840
In base 16, what is -13 + -11d3?
-11e6
In base 15, what is -5 - 45b0?
-45b5
In base 2, what is 11101110010010111 + 1?
11101110010011000
In base 10, what is 2 + 8530?
8532
In base 16, what is 4 + 7abe5?
7abe9
In base 5, what is 342 - -1211?
2103
In base 12, what is -93 - -565?
492
In base 9, what is 5082 - 1?
5081
In base 13, what is 96 + 20?
b6
In base 2, what is 100010101110111 + 1001000?
100010110111111
In base 12, what is -8 + 14506?
144ba
In base 3, what is -211222001 + 120?
-211221111
In base 8, what is 15414 + -176?
15216
In base 8, what is 305 + -1402?
-1075
In base 16, what is 887c + 5?
8881
In base 6, what is -1101322 + 0?
-1101322
In base 10, what is -5 + 4702?
4697
In base 15, what is -338 + -5?
-33d
In base 13, what is -582 + -25?
-5a7
In base 6, what is -412140334 + -4?
-412140342
In base 16, what is 7dde - 9?
7dd5
In base 10, what is 19732 + -3?
19729
In base 16, what is -1 - -15bd?
15bc
In base 16, what is 5 - -1f?
24
In base 8, what is -2 + 222431?
222427
In base 10, what is -76 - -4097?
4021
In base 15, what is 4 + 6a65?
6a